{"id":3610,"date":"2018-09-17T14:37:15","date_gmt":"2018-09-17T17:37:15","guid":{"rendered":"http:\/\/confeitandocomcarinho.com.br\/site\/?page_id=3610"},"modified":"2018-09-17T14:37:15","modified_gmt":"2018-09-17T17:37:15","slug":"vlog","status":"publish","type":"page","link":"https:\/\/confeitandocomcarinho.com.br\/?page_id=3610","title":{"rendered":"VLOG"},"content":{"rendered":"<p>Ol\u00e1 pessoal, hoje trago uma novidade para voc\u00eas que \u00e9 um vlog.<br \/>\nAproveitei que meu marido ia fazer um bacon para a fam\u00edlia e resolvi gravar para compartilhar com voc\u00eas&#8230;<br \/>\nEspero que gostem.<br \/>\nEle usou nessa receita :<br \/>\n1,600 kg de toucinho<br \/>\n3g de sal de cura (1 colher de caf\u00e9)<br \/>\n15g de sal marinho.<\/p>\n<p>Ficou uma delicia pessoal \ud83d\ude00<\/p>\n<p><iframe loading=\"lazy\" title=\"Vlog em nossa ch\u00e1cara - como defumar bacon\" width=\"500\" height=\"281\" src=\"https:\/\/www.youtube.com\/embed\/u0hA41mfvlA?feature=oembed\" frameborder=\"0\" allow=\"accelerometer; autoplay; clipboard-write; encrypted-media; gyroscope; picture-in-picture; web-share\" referrerpolicy=\"strict-origin-when-cross-origin\" allowfullscreen><\/iframe><\/p>\n","protected":false},"excerpt":{"rendered":"<p>Ol\u00e1 pessoal, hoje trago uma novidade para voc\u00eas que \u00e9 um vlog. Aproveitei que meu marido ia fazer um bacon para a fam\u00edlia e resolvi gravar para compartilhar com voc\u00eas&#8230; Espero que gostem. Ele usou nessa receita : 1,600 kg de toucinho 3g de sal de cura (1 colher de caf\u00e9) 15g de sal marinho. [&hellip;]<\/p>\n","protected":false},"author":2,"featured_media":3795,"parent":0,"menu_order":0,"comment_status":"closed","ping_status":"closed","template":"","meta":{"footnotes":""},"class_list":["post-3610","page","type-page","status-publish","has-post-thumbnail","hentry"],"_links":{"self":[{"href":"https:\/\/confeitandocomcarinho.com.br\/index.php?rest_route=\/wp\/v2\/pages\/3610","targetHints":{"allow":["GET"]}}],"collection":[{"href":"https:\/\/confeitandocomcarinho.com.br\/index.php?rest_route=\/wp\/v2\/pages"}],"about":[{"href":"https:\/\/confeitandocomcarinho.com.br\/index.php?rest_route=\/wp\/v2\/types\/page"}],"author":[{"embeddable":true,"href":"https:\/\/confeitandocomcarinho.com.br\/index.php?rest_route=\/wp\/v2\/users\/2"}],"replies":[{"embeddable":true,"href":"https:\/\/confeitandocomcarinho.com.br\/index.php?rest_route=%2Fwp%2Fv2%2Fcomments&post=3610"}],"version-history":[{"count":0,"href":"https:\/\/confeitandocomcarinho.com.br\/index.php?rest_route=\/wp\/v2\/pages\/3610\/revisions"}],"wp:featuredmedia":[{"embeddable":true,"href":"https:\/\/confeitandocomcarinho.com.br\/index.php?rest_route=\/wp\/v2\/media\/3795"}],"wp:attachment":[{"href":"https:\/\/confeitandocomcarinho.com.br\/index.php?rest_route=%2Fwp%2Fv2%2Fmedia&parent=3610"}],"curies":[{"name":"wp","href":"https:\/\/api.w.org\/{rel}","templated":true}]}}

<p>Olá pessoal, hoje trago uma novidade para vocês que é um vlog.<br />
Aproveitei que meu marido ia fazer um bacon para a família e resolvi gravar para compartilhar com vocês&#8230;<br />
Espero que gostem.<br />
Ele usou nessa receita :<br />
1,600 kg de toucinho<br />
3g de sal de cura (1 colher de café)<br />
15g de sal marinho.</p>
<p>Ficou uma delicia pessoal 😀</p>
<p><iframe loading="lazy" title="Vlog em nossa chácara - como defumar bacon" width="500" height="281" src="https://www.youtube.com/embed/u0hA41mfvlA?feature=oembed" frameborder="0" allow="accelerometer; autoplay; clipboard-write; encrypted-media; gyroscope; picture-in-picture; web-share" referrerpolicy="strict-origin-when-cross-origin" allowfullscreen></iframe></p>

<p>Olá pessoal, hoje trago uma novidade para vocês que é um vlog. Aproveitei que meu marido ia fazer um bacon para a família e resolvi gravar para compartilhar com vocês&#8230; Espero que gostem. Ele usou nessa receita : 1,600 kg de toucinho 3g de sal de cura (1 colher de café) 15g de sal marinho. [&hellip;]</p>
